04
Calculate the highest common divisor of 656 and 41.
41
What is the highest common divisor of 46 and 14674?
46
Calculate the greatest common factor of 221 and 17.
17
Calculate the greatest common factor of 288 and 9.
9
What is the highest common divisor of 322 and 46?
46
Calculate the highest common factor of 2250 and 210.
30
Calculate the highest common factor of 22 and 6886.
22
Calculate the greatest common factor of 48 and 744.
24
Calculate the highest common factor of 16 and 848.
16
Calculate the highest common factor of 1 and 247.
1
What is the greatest common divisor of 83511 and 81?
81
What is the highest common divisor of 26 and 3783?
13
Calculate the greatest common divisor of 35 and 2065.
35
What is the highest common factor of 25 and 14425?
25
Calculate the greatest common divisor of 63 and 882.
63
Calculate the highest common divisor of 10 and 240.
10
Calculate the highest common divisor of 30 and 354.
6
Calculate the highest common divisor of 2000 and 50.
50
What is the greatest common factor of 84 and 324?
12
What is the greatest common factor of 7 and 56?
7
What is the greatest common factor of 28 and 1484?
28
Calculate the greatest common divisor of 22 and 9999.
11
What is the highest common divisor of 286 and 26?
26
Calculate the greatest common divisor of 525 and 5285.
35
Calculate the highest common factor of 4260 and 10.
10
What is the highest common divisor of 44 and 4?
4
What is the greatest common divisor of 260 and 4030?
130
Calculate the highest common factor of 120 and 30.
30
Calculate the highest common factor of 91 and 21.
7
Calculate the highest common factor of 684 and 72.
36
What is the greatest common factor of 8 and 584?
8
Calculate the greatest common factor of 78 and 2886.
78
What is the greatest common divisor of 1859 and 286?
143
Calculate the greatest common divisor of 11218 and 158.
158
What is the highest common factor of 290 and 3?
1
What is the greatest common factor of 144 and 24696?
72
Calculate the highest common factor of 125 and 20.
5
What is the greatest common divisor of 16 and 64?
16
What is the highest common factor of 24 and 972?
12
What is the greatest common divisor of 24 and 148?
4
What is the highest common factor of 254 and 254?
254
Calculate the greatest common factor of 5385 and 30.
15
What is the greatest common factor of 16 and 14032?
16
What is the greatest common factor of 249 and 581?
83
Calculate the greatest common divisor of 80 and 280.
40
What is the highest common factor of 55 and 88?
11
Calculate the greatest common divisor of 162 and 540.
54
What is the greatest common divisor of 88 and 32?
8
What is the highest common factor of 135 and 6480?
135
What is the greatest common factor of 11 and 107?
1
What is the greatest common factor of 64860 and 20?
20
What is the greatest common factor of 8246 and 124?
62
Calculate the highest common factor of 24 and 309.
3
Calculate the highest common factor of 73 and 292.
73
What is the highest common factor of 50 and 755?
5
What is the highest common divisor of 8422 and 2?
2
Calculate the greatest common factor of 6 and 2142.
6
What is the greatest common factor of 44 and 341?
11
Calculate the highest common divisor of 28 and 252.
28
What is the highest common divisor of 507 and 741?
39
What is the greatest common divisor of 40 and 36?
4
What is the highest common divisor of 390 and 20?
10
Calculate the highest common divisor of 100 and 244.
4
Calculate the highest common divisor of 304 and 95.
19
Calculate the greatest common divisor of 176 and 7788.
44
Calculate the greatest common divisor of 49 and 637.
49
What is the highest common divisor of 492 and 24?
12
Calculate the greatest common factor of 12 and 1125.
3
Calculate the highest common factor of 10382 and 174.
58
Calculate the greatest common factor of 7 and 5467.
7
What is the greatest common divisor of 5265 and 243?
81
Calculate the greatest common factor of 9 and 144.
9
Calculate the greatest common factor of 48 and 464.
16
What is the highest common divisor of 123 and 9?
3
Calculate the highest common factor of 238 and 13447.
119
What is the highest common divisor of 416 and 78?
26
Calculate the highest common factor of 15 and 1185.
15
Calculate the greatest common factor of 678 and 24.
6
Calculate the highest common divisor of 1236 and 24.
12
What is the greatest common divisor of 16 and 38?
2
What is the greatest common factor of 91 and 351?
13
What is the highest common divisor of 96 and 24?
24
What is the greatest common factor of 141 and 329?
47
Calculate the greatest common factor of 191 and 13561.
191
Calculate the highest common factor of 55 and 47135.
55
What is the greatest common divisor of 45 and 55?
5
What is the greatest common factor of 256 and 1136?
16
What is the highest common factor of 112 and 42?
14
What is the greatest common factor of 18 and 117?
9
What is the greatest common divisor of 10586 and 201?
67
What is the highest common divisor of 116 and 4?
4
What is the highest common factor of 76 and 2052?
76
What is the greatest common divisor of 36 and 396?
36
What is the highest common factor of 23681 and 119?
119
Calculate the greatest common divisor of 12 and 474.
6
Calculate the highest common factor of 2626 and 78.
26
Calculate the highest common factor of 24 and 32.
8
Calculate the greatest common divisor of 54 and 36.
18
What is the highest common factor of 87 and 15747?
87
What is the highest common factor of 768 and 816?
48
What is the greatest common factor of 54 and 2214?
54
What is the highest common factor of 427 and 183?
61
What is the highest common divisor of 6086 and 34?
34
What is the greatest common divisor of 110 and 3355?
55
Calculate the greatest common divisor of 110 and 170.
10
Calculate the greatest common factor of 20 and 2220.
20
Calculate the highest common factor of 2511 and 62.
31
Calculate the greatest common divisor of 120 and 5640.
120
What is the highest common divisor of 156 and 2886?
78
Calculate the highest common factor of 363 and 22.
11
Calculate the highest common divisor of 42 and 2674.
14
What is the greatest common divisor of 24 and 3?
3
What is the highest common factor of 159 and 71232?
159
Calculate the greatest common factor of 42 and 99.
3
Calculate the highest common divisor of 2698 and 38.
38
Calculate the highest common factor of 185 and 37.
37
Calculate the highest common factor of 242 and 44.
22
Calculate the greatest common factor of 241 and 24341.
241
What is the greatest common divisor of 3249 and 513?
171
Calculate the greatest common factor of 580 and 116.
116
What is the highest common factor of 12 and 582?
6
Calculate the highest common factor of 100 and 20.
20
What is the highest common divisor of 9177 and 38?
19
Calculate the highest common divisor of 408 and 16.
8
Calculate the greatest common factor of 32 and 416.
32
What is the highest common divisor of 4 and 6?
2
What is the highest common factor of 62 and 31?
31
What is the greatest common divisor of 10 and 15310?
10
What is the greatest common factor of 244 and 8?
4
What is the greatest common divisor of 10 and 10?
10
Calculate the greatest common divisor of 498 and 8134.
166
Calculate the greatest common divisor of 216 and 372.
12
Calculate the highest common divisor of 114 and 133.
19
What is the greatest common divisor of 384 and 6?
6
What is the highest common factor of 21 and 105?
21
What is the highest common factor of 6 and 768?
6
Calculate the highest common divisor of 152 and 171.
19
Calculate the greatest common divisor of 103 and 14317.
103
Calculate the highest common factor of 3 and 111.
3
Calculate the greatest common factor of 319 and 464.
29
Calculate the highest common factor of 322 and 28.
14
Calculate the greatest common factor of 111 and 2590.
37
What is the greatest common divisor of 267 and 2759?
89
Calculate the greatest common divisor of 24 and 220.
4
Calculate the highest common divisor of 2864 and 80.
16
Calculate the highest common divisor of 12 and 172.
4
Calculate the greatest common divisor of 936 and 2.
2
What is the highest common factor of 6 and 96?
6
Calculate the highest common divisor of 30 and 55.
5
Calculate the greatest common divisor of 14 and 47054.
14
Calculate the greatest common divisor o